 greatest common factor of 20 and r?
4
Let d(a) = -a**2 + 2*a + 207. Let l be d(-13). Calculate the highest common divisor of 544 and l.
4
Let g(y) = 5*y**2 - 2*y - 6. Let h be g(6). Let a = h - 114. Let j = a - 27. Calculate the greatest common divisor of 14 and j.
7
Suppose 3 = -3*p, -3*k + 13*p = 18*p - 22. What is the greatest common factor of 2853 and k?
9
Let a(t) = 27*t - 370. Let o be a(14). Suppose 11*h = o*h - 4*f + 1, 1 = -3*h - 5*f. Let r be 1 - 1 - (-8 - 1). Calculate the highest common factor of r and h.
3
Let b be (-6)/(-21) + (-132)/(-77). Suppose -s + 0*s - 67 = -y, s = -b*y + 128. What is the highest common factor of y and 78?
13
Let p(s) = -s**2 - 19*s + 52. Let a be p(-10). Suppose 144*x - 48 = a*x. Calculate the highest common divisor of x and 8.
8
Let w(o) = o**2 - 11*o + 27. Let u be w(-10). Suppose 0 = -u*i + 233*i + 308. What is the highest common divisor of 42 and i?
7
Suppose -3*m + 210 = -5*g, 3*g + 140 = 2*m + g. Let j be 2/(-3)*75/2. Let s = j - -35. Calculate the greatest common factor of s and m.
10
Let j be ((-3)/2)/(33/(-24) - -1). Suppose -5*f = -4*f - j*l - 11, 0 = 4*f - 5*l - 55. Calculate the highest common divisor of 285 and f.
15
Let p(o) = -13*o + 36. Let a be 3 - (2 - -3) - 10. Let b be p(a). Suppose -2*l = 5*u - 6*l - 136, l = -3*u + 68. What is the highest common divisor of u and b?
24
Let k = 124 + 11. Let d = -5950 + 6058. Calculate the greatest common factor of k and d.
27
Let b(a) = 3*a - 3. Let q be b(5). Let d(i) = 67*i + 77. Let x be d(-1). Calculate the greatest common factor of x and q.
2
Let a be 3/((-26)/91 - (-50)/28). Let q be (-6 - 23/(-5))/(a/(-30)). What is the greatest common factor of 14 and q?
7
Let j = -52 - -62. Let a be (1 - j/8)/((-3)/36). Suppose -5*c + 20 = 0, k - 4*c - 20 = -a*k. What is the greatest common divisor of 72 and k?
9
Suppose -20*f - 68*f + 2552 = 0. Let l be 0 + 0 + 0 - -377. What is the highest common divisor of l and f?
29
Let y(o) = 5*o**3 + 977*o**2 + 393*o + 635. Let l be y(-195). Let n be (-4)/18 + 137/9. Calculate the highest common divisor of l and n.
5
Suppose -3*s + 860 = 5*c + 101, 0 = -s + c + 285. Suppose -5*k + k = -4*u - 52, -2*k + 26 = -5*u. Calculate the greatest common factor of s and k.
13
Suppose -8*d + 3*d = -20. Let k be (39963/(-110))/(-7) + (-3)/(-30). What is the highest common factor of k and d?
4
Let x = 95 + -83. Suppose -x*b + b = -693. Suppose -5*u + 54 = u. Calculate the highest common factor of b and u.
9
Let a be (-28)/(-2) - (3 - 2). Let j = -297051 + 297090. Calculate the highest common divisor of a and j.
13
Suppose -5*i = -45 + 65, -12 = 2*z - 4*i. Let a(f) = -28*f - 374. Let o be a(z). Calculate the highest common factor of 78 and o.
6
Let m(b) = 53*b - 35. Let i(h) = -53*h + 37. Let s(w) = 5*i(w) + 4*m(w). Let f be s(7). Let r = -226 - f. What is the highest common divisor of 25 and r?
25
Suppose -5*x - 11 = 2*p - 51, -2*x + 4*p - 8 = 0. Suppose x*i - 4*i - 24 = 0. Calculate the greatest common factor of i and 36.
12
Let i(c) = -2*c**2 - 37*c + 1. Let m(f) = -f**3 + 6*f**2 - 4*f - 22. Let a be m(5). Let q be i(a). What is the highest common factor of 208 and q?
52
Suppose 0 = -217*f + 4428 - 6728 + 89100. What is the greatest common divisor of 75 and f?
25
Let h be (4/(-10))/(3/(-105)). Let z(v) = 154*v**2 + 3*v - 3. Let m be z(1). Suppose 16*w - m = 5*w. Calculate the greatest common divisor of w and h.
14
Let g(q) = -q**3 - 117*q**2 - 11*q - 153. Let y be g(-117). What is the greatest common divisor of 210 and y?
42
Let u be 11193/19 - 80/760. Suppose 4*k + 2*n = 2356, -5*k = -4*k + n - u. What is the highest common divisor of k and 62?
31
Let p be 760/(-57)*((-6)/(-2))/(-6 + 4). What is the highest common factor of p and 916?
4
Let r be (24 - 2388/(-10))*20. Calculate the greatest common factor of r and 192.
24
Let b = 15 + -7. Suppose 5*i = 2*m - 20, 0*m + 8 = i + 2*m. Let u be i - (3 + -5) - 20*-1. Calculate the greatest common divisor of u and b.
4
Suppose 4*h = -2*q + 26, 0 = 2*q + q + 3*h - 24. Suppose 284*g - 281*g = 99. What is the highest common factor of q and g?
3
Let h be (-95)/(-15) - 235/(-141). Suppose 1134 = s + 2*s. Suppose 134 = 4*m - s. What is the greatest common divisor of h and m?
8
Suppose 49*s = 12*s + 1749 - 491. Suppose 1878 = 5*d + x + x, x - 752 = -2*d. Calculate the greatest common factor of d and s.
34
Suppose -17*h + 3400 = 1360. What is the highest common factor of h and 768?
24
Let y = -4501 + 4531. What is the highest common divisor of 1810 and y?
10
Suppose -2*y + 46 = 5*z, 0*z - 5*z + 59 = 3*y. Suppose 2392 = 13*r + y*r. What is the greatest common factor of r and 161?
23
Suppose 78*o - 524 - 1294 = 132. Calculate the highest common divisor of 1075 and o.
25
Let s(p) = 7*p**2 - 4*p - 11 + 3*p - 3*p**3 + 17. Let u be s(3). Let h = 13 - u. What is the greatest common factor of h and 308?
28
Suppose -5*o - 1529 = -5*p + 1311, 3*p - 5*o - 1710 = 0. Suppose n - 132 = -3*d, 4*n - 4*d = -n + p. What is the greatest common factor of n and 72?
9
Let l be (-1)/(-3) - (-2272)/24. Let j = -19 + 38. Let g = 0 + j. Calculate the greatest common divisor of l and g.
19
Suppose -4 = -2*x + 5*d, 5*x - 6*d - 40 = -d. Let j be 2 - 16/x - (-58)/3. Suppose 21*k - j*k - 15 = 0. What is the greatest common divisor of k and 60?
15
Let n = 934 + -207. Let m = n + -633. Calculate the highest common factor of 564 and m.
94
Suppose -101*f + 51357 = 2*f + 56*f. Calculate the greatest common divisor of f and 3211.
19
Suppose -39*c = -41287 - 17213. Calculate the highest common divisor of c and 36.
12
Let t(s) = -s**2 + 74*s - 458. Let f be t(67). Calculate the greatest common factor of 110 and f.
11
Let q(d) = -6*d + 3. Let h be q(-4). Let y be 12/(-15) - (-11590)/50. Let t = y - 222. Calculate the greatest common factor of h and t.
9
Let f be (153/(-36))/((-25)/(-12) + -2). Let x = f - -193. Suppose 141*n = x*n - 30. Calculate the highest common factor of n and 18.
6
Let y = 19 - -1. Suppose 8 = 5*w + 5*a - 57, y = 4*a. Let p = w - -3. What is the greatest common divisor of p and 33?
11
Let b(q) = -1782*q - 6078. Let o be b(-4). Calculate the highest common divisor of 336 and o.
42
Let n be -3*12/9*(-47)/2. Let h(l) = 52*l + 7. Let k be h(1). Let m = 294 - k. What is the highest common factor of m and n?
47
Suppose -50*m + 10*m + 36000 = 0. What is the highest common divisor of m and 972?
36
Suppose 730*w = 759*w - 19311 - 30859. What is the highest common divisor of w and 40?
10
Let x be (-2 - 6 - -6)/(2/(-31)). Suppose 0 = x*a - 28*a. Suppose -2*r - 239 + 1013 = a. Calculate the highest common divisor of r and 43.
43
Let l = -1038 - -1106. Calculate the greatest common divisor of l and 1037.
17
Let u(g) = 66*g - 4. Let m be u(1). Suppose -m = -4*w + 2*i, 4*w + 3*i - 4*i = 63. What is the greatest common factor of w and 1?
1
Suppose 4*l = 5*p + 811, 4*p + 4 = 8. Let v = -167 + l. What is the greatest common divisor of 37 and v?
37
Let s(q) = q**2 - 98*q - 1166. Let z be s(-11). What is the highest common divisor of 341 and z?
11
Let b = 6012 - 2415. Calculate the highest common divisor of b and 545.
109
Suppose 5*b - 3*d + 158 = 0, 4*d - 3 = 2*b + 49. Let y = b - -47. Let v(j) = 3*j**2 - 2*j - 3. Let g be v(-6). What is the greatest common divisor of g and y?
13
Let m(n) = -2*n**3 + 5*n**2 + 3*n + 36. Let x be m(-5). Suppose -3*u + 240 = -x. What is the greatest common factor of u and 159?
53
Suppose -l - 4*n + 21 = 0, l + 5*n - 6 = 2*l. Let c(y) = y**3 + 31*y**2 - 36*y + 115. Let q be c(-32). Calculate the greatest common divisor of l and q.
9
Let y(z) = -z + 14. Let n be y(32). Let j(t) = t**3 + 19*t**2 + 17*t - 15. Let w be j(n). What is the highest common divisor of w and 2?
1
Let t(b) = b**3 + 20*b**2 - 21*b + 18. Let z = 55 + -51. Suppose s = -z*s - 5, g = 5*s - 16. Let p be t(g). Calculate the greatest common divisor of 54 and p.
18
Let v(o) = o**2 - 359*o - 4297. Let k be v(-12). Calculate the highest common factor of 325 and k.
5
Let j(n) = -n**2 - 11*n - 10. Let t be j(-10). Suppose 2*c + 529 = -4*g + 1681, t = -g + c + 291. Calculate the highest common factor of g and 17.
17
Let h(i) = 5*i**2 + 13*i + 173. Let u be h(16). What is the greatest common divisor of 1208 and u?
151
Let y(w) = -w**2 + 7*w 